Let n be (-16)/6*(-63)/42. Let u(l) = 2*l**3 - 4*l**2 - l + 6. What is the tens digit of u(n)?
6
Let s = 7970 - 5472. What is the thousands digit of s?
2
Let t = 29 + -155. What is the hundreds digit of 40/(-10) - (1 + t)?
1
Suppose 4*v + 4*p - 4242 - 1206 = 0, 3*p + 6794 = 5*v. What is the thousands digit of v?
1
Let h(d) = d**2 + 14*d. Let x be h(-14). Suppose x*j = 5*i - 3*j - 58, 0 = -3*j - 3. Suppose -b + 2*b - i = 0. What is the units digit of b?
1
What is the hundreds digit of 8/((18 - 22)*(-1)/1658)?
3
Let t(f) = -f**2 - 47*f - 15. What is the units digit of t(-25)?
5
Let v be -10 + (17/85)/(2/10). Suppose -4*f = -j + 94, -f + 4*j - 40 = f. Let i = v - f. What is the units digit of i?
5
Suppose -l + 73 + 15 = 0. Let i = l + 71. What is the units digit of i?
9
Let f(w) = w**3 + w**2 - w + 126. Let t = 55 - 55. What is the units digit of f(t)?
6
Let i(o) be the third derivative of 1/120*o**6 + 0*o + 7/60*o**5 - 4*o**2 + o**3 + 0 + 1/8*o**4. What is the tens digit of i(-6)?
2
Suppose -56 - 79 = -9*i. What is the tens digit of ((-1920)/i)/(-2*1)?
6
Let o be (20/(-8)*2)/(-1). Suppose 0 = -o*y + 24 + 66. Suppose 3*a - y = 21. What is the tens digit of a?
1
Let x = 2 - 0. Let h be 15/x*(-1472)/(-40). What is the units digit of (1 + 0)/(12/h)?
3
Let p = -6512 + 11251. What is the thousands digit of p?
4
Let s(x) = -x**3 + 15*x**2 + 15*x - 11*x - 2 + 14*x. What is the tens digit of s(16)?
3
Suppose 0 = 8*i - 4*i - 276. Let w = -19 - -51. Let m = i - w. What is the tens digit of m?
3
Let y be (-10)/4*(-2 - 0). Let b(j) = -4*j + 6*j - 2 + 0 + 4. What is the units digit of b(y)?
2
Let j(i) = 5*i**2 - 3*i**3 + 4*i**3 + i + 2 + 4. What is the units digit of j(-5)?
1
Suppose 0 = 3*f - 21. Suppose 2*m = f*m. What is the tens digit of (m - -1)*1 - -29?
3
Let o be 10*(-1)/(5/(-2)). Suppose o*t = 3*t - 4*i - 8, 3*t + 5*i + 3 = 0. Let c = 23 - t. What is the units digit of c?
9
Let d(x) be the second derivative of x**6/60 - x**5/15 - 2*x**2 - 10*x. Let r(y) be the first derivative of d(y). What is the units digit of r(3)?
8
Suppose -p = 5*d - 992 - 652, -657 = -2*d - p. What is the units digit of d?
9
Let k be 2/((-4)/(-9)) + (-3)/(-6). What is the tens digit of (-68)/85*-21*k?
8
Suppose -3*a = -5*o - 24, 4*a + 5*o = -2 - 1. Suppose -2 - 40 = -3*c + 5*b, -a*c + 42 = -b. Suppose c + 11 = i. What is the units digit of i?
5
Suppose -2*b + b + 121 = -5*k, 4*b = 4*k + 564. What is the hundreds digit of b?
1
Let f = -182 + 655. What is the tens digit of f?
7
Let p(k) = 2*k**3 - k**2 + 9*k - 51. What is the tens digit of p(6)?
9
Let s(n) = n**3. Let o(u) be the third derivative of -u**6/2 - u**5/60 + u**4/12 + 4*u**2. Let z(c) = -o(c) + 3*s(c). What is the units digit of z(1)?
2
What is the hundreds digit of ((-194)/2)/((-14)/70)?
4
Let t(p) = -2*p**2 + 2*p + 189. Let x be (0/(-3 + (-4)/(-1)))/(-1). What is the units digit of t(x)?
9
Suppose -2*p + 4*x + 1599 = -x, -2*p - 3*x = -1639. What is the hundreds digit of p?
8
Let w = -38 + 224. What is the units digit of w?
6
Suppose -5*v = -10*v + 580. Suppose -v = -2*y - 14. Let b = -12 + y. What is the units digit of b?
9
Suppose -2*f - 5*m = 8 - 171, 365 = 5*f + 4*m. Suppose -3*b + 3*n + f = 0, 3*b - 24 - 80 = -4*n. What is the tens digit of b?
2
Let b(c) = 103*c**2 + 10*c + 3. What is the units digit of b(-3)?
0
What is the tens digit of (0 - -2573) + 2 - -8 - 1?
8
Let v = -580 - 127. What is the tens digit of v/(-5) + (-12)/(-20)?
4
Let a = -140 + 173. What is the tens digit of a?
3
Suppose 3*r + 5*j = 946, 22*r - 2*j = 20*r + 652. What is the tens digit of r?
2
Let z(y) = y**3 - 4*y**2 + y + 5. Let m be z(3). Let b = m - -3. Let w(n) = 8*n + 6. What is the tens digit of w(b)?
2
Let n be -1*1 + 1 + 10. Let r = 11 - n. What is the tens digit of (2 - r) + -3 + 24?
2
Let q = 129 + -85. Suppose 5*i + 2*w - q = 4*w, -3*i - 3*w = -39. What is the units digit of i?
0
Suppose -12*c + 4 = -20. Suppose 8 = 2*h, 0 = c*o + 2*h - 378 - 6. What is the units digit of o?
8
Let f(w) = w**2 + 1. Let m(n) = -3*n**2 + 10*n - 1. Let z(l) = 4*f(l) + m(l). Let j be z(-9). Let d(o) = 2*o**2 + 4*o + 22. What is the units digit of d(j)?
0
Suppose -25*o = 5*o - 16170. What is the tens digit of o?
3
Let a(o) = 167*o + 21. What is the units digit of a(2)?
5
Suppose -x = -1, -8 - 2 = -2*u + 4*x. Let c be ((-14)/4)/((-5)/30). Let f = c - u. What is the tens digit of f?
1
Let d(s) = 3*s + 24. Let b be d(-8). Let h(x) be the third derivative of x**6/120 - x**5/60 + x**4/24 + x**3/2 + 5*x**2. What is the units digit of h(b)?
3
Let n = -328 + 580. What is the tens digit of n?
5
Suppose x - 5 + 17 = 0. Let u(m) = m + 11. Let t be u(x). Let s(o) = -17*o + 1. What is the tens digit of s(t)?
1
Suppose -4*m - k - 17 = 0, -4*k = -3*m + 2*m. Let u be (-11)/m + (-6)/(-24). Suppose -4 = -u*g + 4*j, 0*j = 4*g - 5*j - 6. What is the units digit of g?
4
What is the units digit of (2952/48 - 6)*146/3?
1
Let i = 17 - 17. Suppose 3*c - 5*s + 104 + 6 = i, -2*s - 10 = 0. What is the units digit of 10/75 + (-1569)/c?
5
Let s(r) = -3*r + 11. Let n(d) = -2*d + 13. Let t(b) = 4*n(b) - 5*s(b). Let z be ((-6)/3)/(3/(-6)). What is the units digit of t(z)?
5
Suppose 5*z - a = 2601, 0 = -3*z - 12*a + 10*a + 1558. What is the units digit of z?
0
Let a(h) = -h + 11. Let z be a(-8). Suppose 3*d + z = 250. What is the units digit of d?
7
Let w(n) = -n**3 - 14*n**2 - 155*n + 22. What is the thousands digit of w(-9)?
1
Suppose -4*m - 6132 = -11*m. What is the units digit of m?
6
Suppose 13*u - 27000 = 4109. What is the thousands digit of u?
2
Let o(b) = 26*b**2 - 6*b + 4. Let w be (-2 - -1)*(13 + -18). Let v be o(w). What is the units digit of (-2)/(-6) + v/18?
5
Let b = 4 - -1. Let j = -17 - -19. Suppose -j*u - 51 = -b*u. What is the tens digit of u?
1
Suppose 0 = q - 4*n + 23, -3*n = -q - 20. Let d be ((-3 - q)*2)/2. Suppose -3*s + d = s. What is the units digit of s?
2
Suppose -49*d = 24*d - 120523. What is the tens digit of d?
5
Let c(k) = 2*k**2 + 92*k + 88. What is the tens digit of c(-65)?
5
Suppose 38 = 4*y + 10. Let z(x) = 4*x. Let h be z(y). Suppose -4*l - 2*w = -120, -13 = -l + 5*w + h. What is the tens digit of l?
3
Suppose 3*p + 5574 = -37*z + 40*z, 3707 = 2*z + p. What is the tens digit of z?
5
Suppose 3*r - 13*r = -2730. Let x = r + -180. What is the units digit of x?
3
Suppose -10210 = -3*u + y + 4*y, -2*y = u - 3396. What is the tens digit of u?
0
Let l(v) = v**2 - 4*v + 4. Let j be l(4). Suppose -2*n + j*n = -p + 192, 396 = 4*n - p. What is the tens digit of n?
9
Suppose 5076 = -37*s + 14252. What is the units digit of s?
8
Let w = 2164 - 419. What is the units digit of w?
5
Suppose -14 + 72 = p. Suppose -6*x - h - 56 = -x, 5*x + 3*h + p = 0. Let a = 22 + x. What is the tens digit of a?
1
Let l = 965 - 476. What is the units digit of l?
9
Suppose -4178 = -4*j - 10*o + 9*o, 5*o = -5*j + 5215. What is the hundreds digit of j?
0
What is the units digit of 3/6 - (-2233)/(-44)*-38?
9
Let o be (-2 + (-16)/(-4))*(4 + -2). Suppose 0 = -5*n - o*h + 126, -4*n + 30 = -3*n - 4*h. What is the units digit of n?
6
Suppose 3*p - 13122 = 3*q, -p - q = -0*q - 4368. What is the units digit of p?
1
Let d(t) = -12*t**2 - 1 - 8 + 10*t**2 + 2 - 14*t. What is the units digit of d(-6)?
5
Suppose -2*s - c = -301, -3*s - 4*c = 2*s - 751. Suppose s + 33 = y. Suppose 4*m = -v + 160, -y + 24 = -4*m - 5*v. What is the tens digit of m?
4
Suppose 0 = m + 97 + 67. Let b = m + 293. What is the units digit of b?
9
Suppose 3*g + 3*g - 12 = 0. Suppose 7*h - 3*j = 2*h + 573, -h + 116 = -g*j. What is the units digit of h?
4
Suppose -c - 4*c + 234 = 2*s, 5*s - 643 = 2*c. What is the units digit of s?
7
Let k = 59 - 57. What is the units digit of 7*1 - (-5 + 11)/k?
4
Suppose -4*m = q - 21 - 23, 20 = -5*q. Suppose -3*c + 5*c = m. Let a = c - -8. What is the units digit of a?
4
Let q be (-2 - (-10)/6)*-363. Let c = q - 33. What is the units digit of c?
8
What is the hundreds digit of (-144652)/(-215) + 8/(-10)?
6
Let z be (-3594)/(-14) + (-22)/(-77). Suppose -2*x + 37 = 2*l - z, -5*l = -4*x + 624. Suppose 51 - x = -5*t. What is the units digit of t?
0
Let q(p) = -364*p - 10. What is the hundreds digit of q(-1)?
3
Let v(u) = -2*u**2 + 3*u**2 + 4*u - 5 + 5*u. Let z be v(5). Let o = z + -21. What is th